3 + 13*c**2 + 44*c + 4647. Calculate q(-11).
0
Let k(q) = 9*q + 33. Suppose 15*i + 28 = -4*j + 17*i, 22 = -5*j - 4*i. What is k(j)?
-21
Let d(x) = -76 - 2*x + 0*x**2 - 30*x**2 - 17*x - 33*x**2 + 64*x**2. What is d(-3)?
-10
Let f(x) = -20*x**3 - 261*x**2 + 48*x + 39. Let v(h) = 7*h**3 + 92*h**2 - 16*h - 13. Let z(p) = 6*f(p) + 17*v(p). What is z(-4)?
-19
Let n(w) = w + 10. Let b = -3152 - -3158. Calculate n(b).
16
Let p(n) = -n**2 - n - 1. Suppose -11 = -7*w - 4*w. Let v(z) = -2*z**3 - 8*z**2 - z - 4. Let i(l) = w*v(l) - 6*p(l). Calculate i(-3).
23
Let y(d) = -d**3 - d**2 + d + 4. Let n(k) = -k**3 - k**2 + k + 4. Let b(w) = -5*n(w) + 6*y(w). Let a = 34982 + -34982. Calculate b(a).
4
Suppose 3*g + 10 = 28. Let v(k) = -2*k + 1. Let b be v(-1). Let o(a) = -a**2 - 8*a + 5*a**2 - b*a**2 + 2. Determine o(g).
-10
Let i(m) be the third derivative of -m**6/120 + 19*m**5/60 - 3*m**4/4 - 16*m**3/3 - 7888*m**2. Determine i(18).
-32
Let y(f) = -f**3 + 14*f**2 - f + 11. Let j be 30/24 - (-154)/(-8). Let a be 60/(-20) - (1 + j). Give y(a).
-3
Let j = 250 + -235. Let b(p) = p**3 - 22*p**2 + 18*p + 5. Let h(g) = -3*g**3 + 64*g**2 - 53*g - 14. Let f(q) = -8*b(q) - 3*h(q). Calculate f(j).
2
Let s(v) = 10*v + 94. Let w be s(-8). Let q(t) = 5*t**2 - 6*t + w*t + 11*t**2 - 4 - 15*t**2 + 8. Let y(p) = p. Let i be y(-3). Give q(i).
-11
Let z(g) = -72 - 68 - 71 + 288 - 78 - g. Calculate z(5).
-6
Suppose -160*i + 470 = 150. Let u(s) be the second derivative of 0 - 1/6*s**4 + 10*s + 1/2*s**3 + 0*s**i. What is u(2)?
-2
Let w(o) = o**3 + 24*o**2 + 22*o + 50. Let n be w(-23). Let x(d) = -14 + n*d + 11 - 74*d. Let m be 2 + -1*5*-1. Give x(m).
-10
Let o(k) be the third derivative of -k**6/60 + k**5/15 - k**4/8 + k**3/3 + k**2. Let r(u) = -16*u**3 - 65*u**2 - 36*u - 126. Let i be r(-4). Calculate o(i).
-4
Suppose 119 = 5*c - 2*z, 2*z + 50 = -3*c + 5*c. Let s = c + -30. Let m(o) = 2*o**2 + 12*o - 9. Let l be m(s). Let w(v) = v**3 - 6*v**2 + 7*v. What is w(l)?
10
Suppose -5*v = 4*v - 189. Let y(u) = 20 + v + 2*u**2 - 36 - 11*u + 2*u. What is y(6)?
23
Let f(i) = i**3 + i**2 - 2*i - 2. Suppose -43*o + 29*o - 128*o = 59*o. Determine f(o).
-2
Let x(m) = m**3 - 18*m**2 + 14*m - 13. Let h be -11*-102*15/990. Determine x(h).
-64
Let n be 3/(35/49 - 2/(-7)). Let t(b) = -44*b - 38*b - 7*b**2 - 41*b - 1 + 121*b + b**n. Determine t(7).
-15
Let a(s) = s**3 - 8*s**2 + 8*s + 32. Let r be a(6). Let w(t) = -40 + r + 5*t + 29. Determine w(-3).
-18
Suppose 12*w = -37 + 1. Suppose 0 - 12 = -4*q. Let s(y) = 0 - y**q + y**2 + 5*y + 8*y**2 + 2 - 10*y**2. Give s(w).
5
Let j(l) be the second derivative of -l**5/60 - l**4/24 - l**3/2 - 5*l**2 - 75*l. Let m(i) be the second derivative of j(i). Determine m(-3).
5
Let j(n) be the second derivative of 8*n - 2*n**2 - 1/12*n**4 + 0 + 1/3*n**3. Suppose p = -4*p + 15. What is j(p)?
-7
Suppose 0 = -2*g, x = -4*x + 4*g + 30. Let j(s) = -s**2 + 5*s - 8. Determine j(x).
-14
Suppose 0 = p + 57*p - 754. Let w(q) = -q**3 + 15*q**2 - 27*q + 25. Determine w(p).
12
Let l(t) be the third derivative of t**6/120 - t**5/6 + 3*t**4/8 - 2*t**3/3 - 5*t**2 + 95*t. Let k be (6/(-4))/((-3)/18). Determine l(k).
-4
Let s(h) = 49*h**2 - 1275*h + 12. Let y be s(26). Let z(b) = b**3 + 14*b**2 - 8*b + 21. Determine z(y).
133
Let k(m) be the second derivative of m**5/20 + 4*m**4/3 - 3*m**3 - 13*m**2 - 1157*m. Calculate k(-17).
-9
Let q = 6826 + -6822. Let d(b) = -9*b + 16. What is d(q)?
-20
Let i(s) = -s**3 + 11*s**2 + 14*s - 30. Let d(z) = -12*z**3 - 3*z**2 + 48*z + 51. Let h be d(-1). Determine i(h).
-6
Let m(w) = -3*w**2 - 1. Let g be 1/(2/(-22)) - (-3 + -5). What is m(g)?
-28
Let t(l) = -2*l**3 - 4*l**2 - 5*l - 1. Let h = -588 + 586. What is t(h)?
9
Let b(j) = 13*j**3 + 6*j**2 + 5*j + 5. Let y be b(4). Let s = y + -939. Let l(w) = w - 11. Determine l(s).
3
Let f(v) be the third derivative of 1/2*v**3 - 8*v**2 - 1/60*v**5 + 1/12*v**4 + 0*v - 1/120*v**6 + 0. Let r be f(-2). Let i(t) = -t**2 + 3*t + 2. What is i(r)?
2
Let h(q) = -7*q - 10. Let w(p) = 20*p + 29. Let n(l) = -17*h(l) - 6*w(l). Let u(k) = 131*k - 3534. Let i be u(27). Give n(i).
-7
Suppose -7*c + 2*g + 64 = -3*c, -66 = -4*c + 3*g. Suppose -2*f + 18 = -4*q, -4*f + c = -5*q - 0. Let r(u) = -u**3 - 7*u**2 + 2*u + 9. Give r(q).
-5
Let i(j) = 3509*j**2 - 6954*j**2 - j**3 + 3*j + 3451*j**2 + 3. Give i(6).
21
Let n(b) = b**2 + 27*b - 126. Let w = -2677 + 2646. Calculate n(w).
-2
Let w(s) be the first derivative of 0*s - 1/3*s**3 + 7/24*s**4 - 9 - 1/60*s**5 + 2*s**2. Let j(a) be the second derivative of w(a). Give j(7).
-2
Let t(f) be the third derivative of 0*f**3 - f**2 + 5/8*f**4 + 1/40*f**5 - 1/720*f**6 + 0 + 0*f. Let z(d) be the second derivative of t(d). What is z(8)?
-5
Suppose 3*h - 3 = -a, 0 = -h + 2*h - a - 5. Let f(x) be the first derivative of -6 + 4*x + 1/2*x**h. Calculate f(-6).
-2
Let r(o) = -16*o**3 - 27*o**2 - 5*o - 226. Let c(v) = -7*v**3 - 12*v**2 - 2*v - 113. Let b(s) = 9*c(s) - 4*r(s). Calculate b(0).
-113
Let s(b) = b**2 + 6*b + 3. Suppose 4*h - 5*u - 61 = 0, 51 = 4*h - 5*u + 2*u. Suppose h = 5*n + 39. Let q be (-4)/(-3)*n - -2. What is s(q)?
3
Suppose c = 10*p - 9*p + 11, 5*c = 2*p + 64. Let a(r) = r**2 - 20*r + 77. Determine a(c).
-7
Suppose -51*b + 1 = -50*b. Let u(d) = 7 + 1 + 1 - d. Let p(j) = -1. Let f(m) = b*p(m) + u(m). What is f(6)?
2
Let c be (-36)/12 + 37/1. Suppose c = -8*u + 6*u. Let b = u + 11. Let x(h) = -h**3 - 7*h**2 - 7*h - 2. Calculate x(b).
4
Let c(l) = -3*l + 10 - 99*l**3 + 0*l - l**2 - 118*l**3 + 7*l**2 + 216*l**3. Calculate c(6).
-8
Let o(y) = 10 + 2*y - 22 - 11 - 3*y. Let h be o(-20). Let k be 4/(-8) + (-14)/(-4) - h. Let q(r) = r**2 - 3*r - 7. What is q(k)?
11
Let d(x) = x**3 - x**2 - 17*x - 5. Let h(n) = 4*n + 1. Suppose 109 = -13*v - 8. Let u(w) = v*h(w) - 2*d(w). Let a = 0 + 1. What is u(a)?
-1
Let z be (-2)/((-21)/(126/(-4))) + -5. Let q(g) = -g**2 - 13*g - 10. Determine q(z).
30
Let f(q) be the second derivative of -q**3/2 + 3*q**2 - 3*q. Suppose -23 = -5*u - 8. Suppose -u*d = -b - 9 - 9, d + 5*b - 22 = 0. What is f(d)?
-15
Let d(z) = 3*z**2 + 9*z + 10. Suppose 0 = 62*p + p + 315. Determine d(p).
40
Let j(w) = w**3 - 18*w**2 - 2*w - 21. Let y = 138 + -120. What is j(y)?
-57
Let o(c) = 3 - 1 + 5*c + 2*c. Let m = -152 - -1003. Let d = 848 - m. What is o(d)?
-19
Let n(q) = -q**3 - 23*q**2 - 2. Let v be n(-23). Let t(p) be the third derivative of -1/3*p**3 + 1/60*p**5 - 1/8*p**4 + 0*p + 0 + 8*p**2. Calculate t(v).
8
Let o(u) = -u + 14. Let b(v) = -10*v - 18. Let j be b(-7). Suppose 0 = 23*t - j - 316. Determine o(t).
-2
Let b(q) = -2*q + 19. Let z(m) = -66*m + 6. Let l be z(-1). Suppose 0 = 3*u + l - 96. What is b(u)?
3
Let f = -6 + 39. Let c = f - 29. Let a(l) = -l**2 + 3 - 2*l**3 + 4*l**2 + l**2 + c*l + l**3. Determine a(4).
19
Let p(y) = -3*y**3 + 5*y**2 - 5*y - 13. Let a(z) = -4*z**3 + 4*z**2 - 6*z - 14. Let n(f) = -4*a(f) + 5*p(f). Let c be 195/(-78)*2*54/30. Give n(c).
0
Let y(g) = 4*g + 48. Let u be 162/(-351) - (-489)/(-39). What is y(u)?
-4
Let g(c) = c**2 + 2*c + 4. Suppose -u = -v + 4 - 3, 2*v + 3*u - 7 = 0. Suppose -5*n - v = -4*n - 5*k, 3*n + 5*k = 14. What is g(n)?
19
Let h(n) = -10*n + 43. Let j(v) = 3*v - 8. Let r(o) = h(o) - 3*j(o). What is r(3)?
10
Let b be (-8)/10 + (545/25 - 1). Let h(x) = -x**2 + 0 - 2*x - 11 + b. Determine h(-5).
-6
Let v(b) = 48*b + 44*b - 100*b. Let p = -360 + 359. What is v(p)?
8
Let s(v) = v**3 + 8*v**2 + 19*v + 8. Let n be s(-4). Let f(m) = -17*m - 68. Calculate f(n).
0
Let d(m) = m**3 - 7*m**2 - 2*m + 6. Let a(c) be the second derivative of -c**5/20 + 7*c**4/12 - 8*c**3/3 + 37*c**2/2 - 194*c. Let q be a(5). Give d(q).
-8
Let j(a) = a + 12. Let p be j(-7). Let f(w) = 658*w**2 - 8*w + 19. Let g(o) = 740*o**2 - 8*o + 22. Let n(z) = -9*f(z) + 8*g(z). Calculate n(p).
-5
Let i(b) be the third derivative of -1/12*b**4 - 70*b**2 + 0 + 0*b + 0*b**3. Determine i(-5).
10
Let s(z) be the first derivative of z**4/4 - z**2/2 + 48*z - 736. Determine s(0).
48
Let w(i) = i + 1. Let b(q) = 2*q**2 - 14*q + 25. Let h be b(6). Suppose 2*t - 3*u = h, -t - 6*u + u + 13 = 0. What is w(t)?
9
Let s(m) = m**3 - 14*m**2 - 17*m + 12. Suppose 5*i - 2*f = 83, -245*i + 35 = -244*i - 5*f. Determine s(i).
-18
Let k(p) = -p**2 + 37*p + 408. Let x be k(46). Let o(f) = -f 